Let d(w) = w + 6. Let a be d(6). Suppose a = -3*x - 0*x. Let n(s) = s**2 + 5*s + 6. What is the units digit of n(x)?
2
Suppose 3*j - 633 = 3*x, -5*j = -x - 920 - 119. What is the units digit of j?
7
What is the units digit of (48/20)/(6/20)?
8
Suppose 3*y = y - 12. Let g be 1*3/y*-18. Suppose 3*r - g = -2*v, 2*r - 36 = -5*v - r. What is the units digit of v?
9
Suppose -3*s - 5*x = -9, 4*s = x + 2*x + 12. What is the units digit of (s*8)/3 - 0?
8
Let h = 641 + 217. What is the units digit of h?
8
Suppose 3*a = 646 + 770. What is the units digit of a?
2
Let k be (20 - 15)*(84/(-5))/(-2). Let f = -20 + k. What is the units digit of f?
2
Suppose 4*d = -6*u + 2*u + 28, 2*d - 49 = 5*u. What is the units digit of 249*((-4)/d)/(-1)?
3
Let v = 61 + 57. What is the tens digit of v?
1
Suppose -i + 2 = -0. Let x(a) = 11 + 1 + a**2 + 8*a + 0*a**i. What is the units digit of x(-8)?
2
Let h = 84 + -15. Suppose 2*c + p = h + 52, c - 3*p = 64. What is the units digit of c?
1
Let l = 1 + 0. Suppose -5*f + 5 = 2*y + l, -2*f + 4*y = 8. Suppose f = g + 8 - 40. What is the tens digit of g?
3
What is the hundreds digit of 6 - ((-1657 - 7) + 4)?
6
Suppose -38*r + 34*r = 372. Let a = -12 - r. What is the tens digit of a?
8
Let n be (-2)/3 + (-2431)/39. Let r = n + 125. What is the units digit of r?
2
Suppose 13*i = 4*q + 16*i - 15146, -7586 = -2*q + 5*i. What is the tens digit of q?
8
Suppose 5*h - q - 66 = 0, -h + 5*q = h - 8. What is the units digit of (11*(h + (-3 - -2)))/1?
3
Suppose 3*p = -y + 10, -y = -2*p + 2*y + 14. Let x = -33 + p. Let n = x - -89. What is the tens digit of n?
6
What is the units digit of (-4)/2 - (-9600)/24?
8
Suppose 2166 = 3*o - t, 736 = o - 5*t - 0*t. What is the units digit of o?
1
Suppose w - 3*h = -2*h + 285, -w + 280 = 4*h. What is the units digit of w?
4
Suppose -110 = -b - 4*x + 16, 0 = 2*b + x - 287. What is the tens digit of b?
4
Suppose -3*j = 23 + 94. Let g = j - -48. What is the units digit of g?
9
Let x(k) = 146*k**2 - 2*k - 1. Let m be x(-1). Let z = -57 + m. Suppose -c - 35 = -a + c, -z = -4*a - 2*c. What is the units digit of a?
5
Let d = -1986 + 4805. What is the units digit of d?
9
Suppose 4*y + 40 = -y. Let l be (42/56)/((-2)/y). Suppose 0 = 3*g + 5*q - 190, 1 = 2*q + l. What is the units digit of g?
5
Suppose -37*j = -6452 - 37467. What is the hundreds digit of j?
1
Let o(s) = -s**3 + 5*s**2 + 7*s - 4. Let k be 38/6 + (-5)/15. Let m be o(k). Suppose m*p - 27 = -3. What is the units digit of p?
2
Suppose -4*j = 2*p + 4, -15 = -5*p + 2*p + j. Suppose -q + 21 = -5*s, 4*s + 8 + 6 = -2*q. What is the units digit of p/2*12*q?
4
Suppose -f = -p + 2*f + 7, -3*f - 15 = -3*p. Let m be 1 + -3 + 18/3 + -1. Suppose 0 = -m*d - 2*b + 101, p*d - 50 = 4*b + 118. What is the units digit of d?
7
Let p be (-4)/34 + (-60)/68. What is the tens digit of 0 + (28 - p) - 1?
2
Suppose -v - 659 = u - 5686, v + 5037 = u. What is the tens digit of u?
3
Let t be -3 + (-1)/(1/(-8)). Suppose 9 = t*m - 6. Let r(g) = g**2 + 4*g. What is the tens digit of r(m)?
2
Suppose -3*j + 2*m = 485, m + 25 - 348 = 2*j. Let y = j + 238. What is the units digit of y?
7
Let o = 117 - 75. Let g = o - -21. What is the tens digit of g?
6
Let w = -90 - -110. What is the units digit of (1205/w)/((-3)/(-12))?
1
Let j(s) = -2 + s**2 + 9*s + 4 + 0 - 4*s. What is the units digit of j(-11)?
8
Let p = -305 + 315. Let h be (4/5)/(2/20). Let g = p - h. What is the units digit of g?
2
Let p(x) = 7*x + 10. Let u be 19 - (-2)/(3/3 - 3). What is the hundreds digit of p(u)?
1
Let i = 61 + 37. Let z = i - 1. What is the tens digit of z?
9
Let t(g) = 33*g - 1. Let y = 79 - 76. What is the tens digit of t(y)?
9
Let j(l) be the second derivative of l**4/12 - l**3/2 + l**2/2 + l. Suppose -13*d + 35 + 4 = 0. What is the units digit of j(d)?
1
Let r = -708 + 1687. What is the hundreds digit of r?
9
What is the tens digit of (-8*(-43)/(-6))/(2/(-9))?
5
Suppose 2*v - 261 = -3*i, -222 = -4*v + 3*i + 291. Let j = v + -69. What is the tens digit of j?
6
Let i be 18 - 4/2 - 4. Let a(v) be the second derivative of -v**4/12 + 7*v**3/3 + 6*v**2 + v. What is the units digit of a(i)?
6
Let w = 2578 - 1016. What is the tens digit of w?
6
Suppose -2*q = j - 1278, 3*j + 24*q - 25*q - 3862 = 0. What is the units digit of j?
6
Let d(u) = 2*u**2 - 2*u + 2. Let m(n) = -n**3 + 2*n**2 + 4*n + 2. Let w be m(4). Let t be (-4)/w - (-46)/(-14). What is the tens digit of d(t)?
2
Let p = -34 - -48. Let g be (4 + -6)*p/4. What is the units digit of 14 - 3/(g + 4)?
5
Let p be (3/2)/(4/(-8)) - -13. Suppose x + 351 = p*x. What is the tens digit of x?
3
Let l(b) = -2*b + 31. Let g be l(13). Suppose j - 3*j - k = -167, 3*k + 412 = g*j. What is the tens digit of j?
8
What is the tens digit of (253/(-66) - -4) + 3515/6?
8
Let h(a) = -123*a**2 + 2*a**3 + 7 - 2*a + 60*a**2 + 61*a**2. What is the tens digit of h(3)?
3
Let t be (-1762)/11 - 24/(-132). Let z be (t/5)/((-2)/4). Suppose -4*a = -2*a - z. What is the tens digit of a?
3
Suppose -4*f + 8 = 0, 0 = -w - 3*f - 2*f + 15. Suppose 0 = -5*i + w*t + 221 + 684, 0 = -3*i - 3*t + 537. What is the hundreds digit of i?
1
Suppose 2*y + 2*c + 3*c - 1983 = 0, 0 = -3*c + 9. Suppose -9*w + w + y = 0. What is the tens digit of w?
2
What is the tens digit of (-2 - 1050/(-3)) + 1 + 3?
5
Let k(c) be the first derivative of c**3/3 - 6*c**2 + 6*c + 27. Let f(v) = 5*v - 3. Let z be f(3). What is the units digit of k(z)?
6
Let t be ((165/(-10))/(-11))/((-1)/(-2)). Let m = 1 - -8. Let h = m - t. What is the units digit of h?
6
Let c(q) be the third derivative of -q**6/120 + 7*q**5/60 - q**4/6 - 2*q**3/3 + 25*q**2. Let w be 6/4*20/6. What is the units digit of c(w)?
6
Let k(t) = -2*t - 40. Let w be k(13). What is the hundreds digit of (w/(-9))/((-6)/(-99))?
1
What is the units digit of ((-15)/2 - 52/(-13))*-112?
2
Suppose -3*c = -c - 10. Suppose 3*v - c*h = -90 - 158, -12 = -3*h. What is the units digit of (-2)/(-1*(-8)/v)?
9
Let n(p) = -p**2 + 10*p - 8. Let l be n(7). Let m = -8 + l. What is the units digit of m?
5
Suppose w - 4*w + 12 = 0. Let t(q) = 2 + 8*q + 3 - q - 1. What is the units digit of t(w)?
2
Suppose 4*z - 539 = -5*v, 5*z - 5*v = -11 + 741. Suppose 18*o = 15*o + z. What is the tens digit of o?
4
Let p(f) be the third derivative of -11*f**7/2520 - f**5/15 + 6*f**2. Let j(u) be the third derivative of p(u). What is the units digit of j(-1)?
2
Let p = -90 + 92. Suppose -p*n - 669 = -3*m, -2*m - 3*n + 0*n + 446 = 0. What is the hundreds digit of m?
2
Let v = -47 - -34. Let d = v - -44. What is the units digit of d?
1
Let o(w) = 85*w**3 - 7*w**2 + 13*w + 2. What is the hundreds digit of o(2)?
6
Suppose -3*a = -a. Suppose x = 4*p + 31, a = 5*p - 5*x + 34 + 16. Let g(d) = -d**2 - 8*d + 9. What is the units digit of g(p)?
6
Suppose -5*j + 4*r - 30 = 0, 2*j - 2*r = 3*r + 5. Suppose -2*z + 66 = o, -3*z + 93 = 4*o - o. Let t = j + z. What is the tens digit of t?
2
Let c = 36 + -63. Let j be 3*(-3)/c*21. What is the units digit of (j + -22)/(6/(-8))?
0
Let a(r) be the third derivative of r**5/60 + r**4/3 + r**3/6 - 6*r**2. Suppose -2*g = -7*g - 2*d - 36, -3*g - 4*d = 16. What is the units digit of a(g)?
1
Let b be (-1)/(-5) + 1752/15 + 1. Let k = 40 + b. What is the units digit of k?
8
Suppose 10*q - 6761 = -291. What is the tens digit of q?
4
Suppose -2*m - 16 = -6*m, 5*u = 4*m + 1794. What is the tens digit of u?
6
Let t = -193 + -4. Let u = 286 + t. What is the tens digit of u?
8
Let k be -4*(1155/(-12) - -2). Let q = -149 + k. What is the units digit of q?
8
Suppose -13*r = 26*r - 69576. What is the thousands digit of r?
1
Suppose -3*w + 31 = -101. Let b be 6*-2*(-10)/(-6). Let g = w + b. What is the tens digit of g?
2
Let l(d) be the first derivative of d**3/3 - 2*d**2 - 22*d + 25. What is the units digit of l(8)?
0
What is the hundreds digit of ((-42564)/9)/((-136)/102)?
5
Let d(b) = -3*b**3 - 10*b**2 + 4*b - 5. Let t be d(-6). Suppose -t - 389 = -8*h. What is the tens digit of h?
8
Let a(m) = -1. Let n(r) = -49*r + 32. Let t(x) = -3*a(x) - n(x). What is the tens digit of t(7)?
1
Suppose 76 = 5*l - 509. Suppose 9*s + 27 = l. What is the tens digit of s?
1
Let l(x) = 4*x. Let d be l(1). Suppose -9*o = -16*o + 364. Suppose -8*p + d*p = -o. What is the units digit of p?
3
Let b = 1 - 3. 